y 13?
7
Calculate the remainder when 805 is divided by 400.
5
Calculate the remainder when 894 is divided by 28.
26
Calculate the remainder when 13 is divided by 7.
6
What is the remainder when 192 is divided by 65?
62
Calculate the remainder when 1636 is divided by 9.
7
What is the remainder when 80 is divided by 26?
2
Calculate the remainder when 242 is divided by 91.
60
What is the remainder when 388 is divided by 50?
38
What is the remainder when 770 is divided by 188?
18
What is the remainder when 3837 is divided by 101?
100
What is the remainder when 376 is divided by 6?
4
Calculate the remainder when 744 is divided by 47.
39
Calculate the remainder when 24624 is divided by 125.
124
Calculate the remainder when 369 is divided by 90.
9
What is the remainder when 998 is divided by 95?
48
What is the remainder when 551 is divided by 139?
134
Calculate the remainder when 2376 is divided by 335.
31
Calculate the remainder when 5171 is divided by 172.
11
What is the remainder when 147 is divided by 66?
15
What is the remainder when 367 is divided by 7?
3
What is the remainder when 2494 is divided by 104?
102
What is the remainder when 1840 is divided by 1825?
15
Calculate the remainder when 61 is divided by 26.
9
What is the remainder when 347 is divided by 72?
59
Calculate the remainder when 631 is divided by 54.
37
What is the remainder when 130 is divided by 19?
16
Calculate the remainder when 239 is divided by 11.
8
Calculate the remainder when 692 is divided by 8.
4
What is the remainder when 80 is divided by 23?
11
What is the remainder when 22 is divided by 5?
2
Calculate the remainder when 1607 is divided by 10.
7
What is the remainder when 566 is divided by 217?
132
What is the remainder when 38 is divided by 25?
13
What is the remainder when 717 is divided by 58?
21
Calculate the remainder when 547 is divided by 92.
87
Calculate the remainder when 94 is divided by 72.
22
What is the remainder when 58 is divided by 17?
7
What is the remainder when 237 is divided by 89?
59
What is the remainder when 257 is divided by 58?
25
Calculate the remainder when 1528 is divided by 135.
43
Calculate the remainder when 142 is divided by 46.
4
Calculate the remainder when 731 is divided by 46.
41
Calculate the remainder when 299 is divided by 225.
74
Calculate the remainder when 68 is divided by 10.
8
Calculate the remainder when 62 is divided by 51.
11
What is the remainder when 116 is divided by 98?
18
What is the remainder when 56 is divided by 4?
0
Calculate the remainder when 438 is divided by 41.
28
Calculate the remainder when 6527 is divided by 24.
23
What is the remainder when 359 is divided by 23?
14
What is the remainder when 42797 is divided by 200?
197
What is the remainder when 121 is divided by 21?
16
Calculate the remainder when 23238 is divided by 8.
6
What is the remainder when 471 is divided by 45?
21
What is the remainder when 70 is divided by 19?
13
What is the remainder when 2143 is divided by 5?
3
What is the remainder when 645 is divided by 34?
33
What is the remainder when 112 is divided by 13?
8
Calculate the remainder when 1869 is divided by 192.
141
What is the remainder when 9632 is divided by 146?
142
Calculate the remainder when 8431 is divided by 62.
61
What is the remainder when 2614 is divided by 332?
290
Calculate the remainder when 899 is divided by 45.
44
What is the remainder when 2305 is divided by 153?
10
What is the remainder when 1097 is divided by 24?
17
What is the remainder when 3576 is divided by 18?
12
What is the remainder when 592 is divided by 40?
32
Calculate the remainder when 102 is divided by 40.
22
What is the remainder when 205 is divided by 47?
17
What is the remainder when 2996 is divided by 231?
224
Calculate the remainder when 2414 is divided by 345.
344
Calculate the remainder when 9 is divided by 8.
1
What is the remainder when 1845 is divided by 26?
25
Calculate the remainder when 169 is divided by 34.
33
What is the remainder when 314 is divided by 50?
14
Calculate the remainder when 4269 is divided by 134.
115
What is the remainder when 4056 is divided by 203?
199
What is the remainder when 32947 is divided by 50?
47
What is the remainder when 735 is divided by 46?
45
What is the remainder when 281 is divided by 19?
15
What is the remainder when 94 is divided by 14?
10
What is the remainder when 694 is divided by 38?
10
What is the remainder when 5050 is divided by 112?
10
What is the remainder when 458 is divided by 23?
21
What is the remainder when 79621 is divided by 41?
40
What is the remainder when 178 is divided by 92?
86
What is the remainder when 5247 is divided by 181?
179
Calculate the remainder when 167 is divided by 101.
66
What is the remainder when 301 is divided by 51?
46
Calculate the remainder when 258 is divided by 20.
18
What is the remainder when 12607 is divided by 32?
31
Calculate the remainder when 85 is divided by 16.
5
What is the remainder when 141 is divided by 16?
13
What is the remainder when 919 is divided by 41?
17
Calculate the remainder when 260 is divided by 64.
4
Calculate the remainder when 231 is divided by 14.
7
What is the remainder when 48 is divided by 36?
12
Calculate the remainder when 2410 is divided by 26.
18
Calculate the remainder when 773 is divided by 18.
17
What is the remainder when 6180 is divided by 1544?
4
What is the remainder when 717 is divided by 90?
87
What is the remainder when 3820 is divided by 39?
37
What is the remainder when 1922 is divided by 4?
2
Calculate the remainder when 170 is divided by 58.
54
Calculate the remainder when 634 is divided by 313.
8
What is the remainder when 348 is divided by 17?
8
What is the remainder when 3280 is divided by 653?
15
Calculate the remainder when 864 is divided by 22.
6
What is the remainder when 167 is divided by 91?
76
Calculate the remainder when 22462 is divided by 208.
206
What is the remainder when 2143 is divided by 6?
1
Calculate the remainder when 141 is divided by 76.
65
Calculate the remainder when 748 is divided by 76.
64
What is the remainder when 242 is divided by 35?
32
What is the remainder when 824 is divided by 23?
19
Calculate the remainder when 289 is divided by 43.
31
What is the remainder when 30638 is divided by 80?
78
Calculate the remainder when 1724 is divided by 285.
14
Calculate the remainder when 410 is divided by 59.
56
Calculate the remainder when 21 is divided by 4.
1
Calculate the remainder when 1530 is divided by 77.
67
Calculate the remainder when 656 is divided by 20.
16
What is the remainder when 51 is divided by 33?
18
Calculate the remainder when 83 is divided by 39.
5
Calculate the remainder when 1101 is divided by 500.
101
Calculate the remainder when 76 is divided by 20.
16
Calculate the remainder when 20 is divided by 10.
0
What is the remainder when 440 is divided by 35?
20
Calculate the remainder when 2096 is divided by 191.
186
What is the remainder when 88 is divided by 18?
16
Calculate the remainder when 119 is divided by 41.
37
Calculate the remainder when 301 is divided by 73.
9
Calculate the remainder when 12874 is divided by 74.
72
Calculate the remainder when 577 is divided by 60.
37
What is the remainder when 273 is divided by 22?
9
Calculate the remainder when 21945 is divided by 32.
25
What is the remainder when 429 is divided by 36?
33
What is the remainder when 35 is divided by 12?
11
Calculate the remainder when 44 is divided by 9.
8
What is the remainder when 161 is divided by 11?
7
What is the remainder when 87 is divided by 27?
6
Calculate the remainder when 6 is divided by 4.
2
Calculate the remainder when 1897 is divided by 50.
47
Calculate the remainder when 584 is divided by 580.
4
What is the remainder when 2151 is divided by 48?
39
What is the remainder when 9179 is divided by 167?
161
What is the remainder when 248 is divided by 80?
8
What is the remainder when 1078 is divided by 12?
10
What is the remainder when 70 is divided by 39?
31
What is the remainder when 278 is divided by 88?
14
What is the remainder when 125 is divided by 22?
15
What is the remainder when 1338 is divided by 13?
12
What is the remainder when 321 is divided by 159?
3
What is the remainder when 11770 is divided by 14?
10
What is the re